sor of 12 and b.
6
Suppose 14*z + 1584 = 26*z. What is the greatest common factor of 363 and z?
33
Let t = -40 - -54. Let q = -8 + t. What is the greatest common factor of 18 and q?
6
Let i(a) = a + 38. Let b be i(-8). Calculate the greatest common factor of b and 6.
6
Let w(m) = -m**2 + 6*m + 18. Let r be w(5). Let z = 199 + -84. Calculate the greatest common factor of z and r.
23
Let x = 9 + -5. Let o be (x/(-8))/(4/(-280)). What is the highest common factor of 105 and o?
35
Suppose 23*f - 7 - 85 = 0. Calculate the highest common factor of f and 15.
1
Let k = 5 - -5. Let j(c) = c**2 - 3*c + 40. Let s be j(0). What is the greatest common divisor of s and k?
10
Let z = -23 + 38. Let d be 2 + 8/(8 - 4). Suppose p = 4*j - 45, -35 = 2*j - d*j + 3*p. Calculate the highest common factor of z and j.
5
Let p be 22/(-3)*3/(-1). Let v = 4725 - 4659. What is the greatest common divisor of p and v?
22
Let c = 118 - 113. Calculate the highest common divisor of 25 and c.
5
Suppose -5*f = 5*i - 15, 0 = -f + 3*i - 8 - 5. Let q be (f + 3/15)/(2/(-210)). What is the highest common divisor of q and 12?
12
Suppose i - 6*i + 2710 = -5*t, 0 = i - 5*t - 550. Calculate the highest common factor of 252 and i.
36
Suppose -3*a + 8 = -4*l - 5*a, 2*l + 8 = -2*a. Suppose l = 5*d - 189 + 59. Calculate the highest common divisor of d and 39.
13
Let u be (-884)/(-8) - (105/(-6))/(-7). Calculate the greatest common factor of 24 and u.
12
Suppose 3*r + 4*v - 38 - 16 = 0, -4*r + 3*v = -47. What is the greatest common factor of r and 175?
7
Let o(z) = 2*z**2 + 5*z + 27. Let r be o(-7). Calculate the highest common factor of 936 and r.
18
Suppose 60 = 6*g - 2*g. Suppose 5*r = -2*m - 0*m + 29, -g = 3*r. What is the highest common divisor of 297 and m?
27
Suppose b - 150 = 34. Suppose 0 = -p - 3*l + 44 + 14, 4*p + 2*l = 192. Calculate the highest common factor of p and b.
46
Let d(g) = g + 18. Let o be d(-8). Calculate the highest common divisor of o and 10.
10
Suppose 3*f - 4*f = -5. Suppose f*q = o + 488, 0 = -2*q + o + 144 + 50. What is the highest common divisor of q and 14?
14
Let n be 2/(-15) - (166360/(-75) + -5). What is the highest common factor of n and 13?
13
Let n = 8 - 0. Let q be (2/3)/(16/(-12)*(-21)/168). What is the highest common divisor of n and q?
4
Suppose -5*n - u = -679, 0 = 4*u + 17 - 13. Calculate the greatest common divisor of 204 and n.
68
Let m = 1036 - 907. What is the greatest common factor of 3 and m?
3
Suppose 41 - 6 = 5*q. Suppose 260 = q*r - 3*r. Suppose 2*m - 4*p - 30 = 0, -5*p + 0*p = -5*m + r. Calculate the highest common divisor of m and 44.
11
Let h(i) = -2*i + 11. Let z be h(4). Suppose z*k + k = 76. Calculate the highest common divisor of k and 152.
19
Suppose -102*l + 227 = 125. Calculate the greatest common divisor of 130 and l.
1
Suppose 0*m = 4*m - 24. Let i be (45/20)/(m/16). What is the greatest common factor of 24 and i?
6
Suppose 3*d - 79 = 11. Let k be 1*(-12)/27*108/(-8). What is the highest common factor of k and d?
6
Let c(y) = 42*y**2 + 18*y + 48. Let z be c(-2). Calculate the greatest common divisor of 45 and z.
45
Suppose -5*q + 29 = 4*w, -2*q + 9 = -28*w + 27*w. Calculate the highest common divisor of 20 and q.
5
Let g(y) = -y**3 + 10*y**2 - 13*y + 10. Let z be g(8). Suppose -2*r + z = 2*q, -3*q + 5 = 2*r - 45. Calculate the highest common factor of 2 and q.
2
Let l(h) be the third derivative of -1/6*h**3 + 0*h + 0 - 4*h**2 - 85/24*h**4. Let o be l(-1). What is the highest common divisor of 21 and o?
21
Let u be (-1)/((-4)/52) + 2 + 0. Let c be u - 2 - (2 - 1). Calculate the highest common factor of c and 4.
4
Let b(q) = q**2 - 2*q - 18. Let d be b(0). Let z = 181 - d. Let g be z/6 - (-12)/(-72). Calculate the highest common divisor of g and 22.
11
Suppose 0 = 10*z - 5*z + 30. Let l be (-21)/z*(-4)/(-7). Let w be 8 + 5 + -1 + l. Calculate the highest common factor of 70 and w.
14
Suppose z - 8 = 3*z, 280 = 5*c - 5*z. Calculate the greatest common factor of c and 611.
13
Let y be (-147)/63 + (-1190)/(-15). Suppose -3 = -4*p + 5. Let n be (-2 - 5)*(-2)/p. Calculate the highest common factor of y and n.
7
Let d be 6/4*((8 - 6) + 2). Let j(s) = 2*s**3 - 8*s**2 + 2*s + 4. Let o be j(d). Calculate the greatest common factor of o and 20.
20
Suppose -4*c - 3568 + 4272 = 0. What is the greatest common divisor of c and 136?
8
Suppose -6*u - 6*u + 3888 = 0. Suppose 21*o = 25*o - u. Suppose 33 = 3*v + 2*n, -2*v + 33 = -3*n + 8*n. What is the greatest common factor of v and o?
9
Let k = 322 + -203. Suppose -k = -2*m + 121. What is the greatest common divisor of 15 and m?
15
Let v = -748 + 1068. What is the highest common factor of v and 96?
32
Let i = -63 + 60. Let l be -1 - 3 - 30/i. Calculate the greatest common factor of l and 8.
2
Let o be 100/5*4 + -6. Let r be 109 + 1/((-2)/(-4)). What is the highest common factor of r and o?
37
Suppose 3*v - 4 = 2. Suppose 5*l = 4*m - 64, -3*m + 37 = -v*m + 4*l. What is the highest common divisor of m and 168?
21
Let c(d) = -d**2 - 2*d. Let g be c(-4). Let u be (4/(-30) - g/60) + 4. What is the greatest common factor of 32 and u?
4
Suppose 5*q - 107 = 4*h, -h - q - 4*q = 8. Let x(b) = -3*b - 52. Let f be x(h). Calculate the greatest common divisor of f and 17.
17
Let o(g) = 21*g + 168. Let h be o(-8). Suppose 2*q + 13*q - 2040 = h. Let k = -6 - -23. Calculate the highest common factor of k and q.
17
Let w be (-8)/(-3) + 14/(-21) + 14. Suppose 3*k + 2*c = 392, -w = 4*k - 3*c - 550. Calculate the highest common factor of 12 and k.
12
Let h = -135 + 144. Calculate the highest common factor of h and 33.
3
Suppose -1 + 31 = 3*w. Suppose -2*g + 0*g = -22. Let m = g - w. Calculate the greatest common divisor of 7 and m.
1
Suppose 77 = -3*w + 155. Calculate the highest common divisor of w and 286.
26
Suppose 5*j + 30 = 150. Suppose -s + 268 = -3*l, -2*s + 834 = s + l. Let r = 541 - s. What is the highest common divisor of j and r?
24
Suppose 5*a = -2*a + 35. Suppose p - a*y + 2*y - 7 = 0, -y = -4*p + 61. Calculate the greatest common factor of 40 and p.
8
Let q(m) = -4*m + 1 - 4 - m. Let u be q(-2). Suppose 0 = -x + 6*x - 245. What is the highest common divisor of x and u?
7
Suppose c - g - 4 = 0, -10 = -0*g + 5*g. Let z(h) = 3*h**3 - 3 - 4*h**c - h**3 - 5*h + 1. Let r be z(4). Calculate the greatest common divisor of r and 6.
6
Let c be (-1898)/(-19) + 10/95. Calculate the highest common divisor of 4 and c.
4
Let u(x) = x**3 - 19*x**2 - 11*x + 72. Let w be u(24). What is the highest common divisor of w and 42?
42
Let f = -4 - -14. Suppose -2*h - 15 = 4*p - 103, h = p + 38. What is the highest common factor of h and f?
10
Let f be (2 + -3 + 17)*5. Let u be f/30*(-90)/(-8). Let i = 34 - u. What is the greatest common factor of i and 36?
4
Let l be (-3 - 0)/(3/8). Let x be 37/2 + 4/l. Calculate the greatest common factor of 9 and x.
9
Let t = 26 - 22. Let o be (2 - (-2 - -5))*-4. Suppose -o = -2*k + t. What is the greatest common factor of 20 and k?
4
Suppose -p = 2*p + 6. Let r(a) = -2*a**3 - a**2 + 3*a + 1. Let g be r(p). Suppose -7*u = -3*u - 28. What is the greatest common divisor of u and g?
7
Suppose 5*f + 0*o - 114 = -4*o, -5*o - 124 = -4*f. Calculate the greatest common factor of 338 and f.
26
Let h be ((-2)/(-4))/(13/20774). What is the greatest common divisor of 47 and h?
47
Suppose -675 = -30*x + 525. Let s = -24 + 34. What is the highest common factor of s and x?
10
Let n = 558 + -546. What is the highest common divisor of 2028 and n?
12
Suppose -3*x = -4*r + r - 18, -2*x - r + 3 = 0. Let s(d) = 3*d - 3. Let k be s(x). Calculate the greatest common factor of 9 and k.
3
Let t(r) = -2*r**2 - 3*r + 12. Let k be t(0). Calculate the highest common divisor of k and 60.
12
Let n be (-5)/15 + (-60)/9. Let q = 4 - n. Suppose -b + 0 = -2, 4*o - 304 = 2*b. What is the highest common factor of o and q?
11
Let l be 1/1*(-3 + 5). Suppose h + 0 = l, 2*y + h = 10. Let x = 19 - y. What is the highest common divisor of 30 and x?
15
Let m be (-35)/5*2/(-7). Suppose 450 = 5*g + m*i, g - 77 + 14 = 5*i. Calculate the highest common factor of g and 8.
8
Suppose 0 = -3*r - 4*z - 20, -2*r + 7*r + z = -5. Suppose -3*u - u + 12 = r. Suppose -2*v - u + 9 = 0. Calculate the highest common factor of 6 and v.
3
Let f = 5 